(p) = 2*p**3 - 4*p**2 - 5*p. Let w be v(4). Let y = w - 19. What is the tens digit of y?
2
Let q be (2/2 - 1)/(-2). Let t be (3 - 6)*-1*1. Suppose 0 = 5*r - 5*c - 35, r + c + q = t. What is the units digit of r?
5
Suppose a - 59 - 30 = 0. What is the units digit of a?
9
Let k be 103/5 - 2/(-5). Suppose l = 3*u - k, -2*u - 2*l = 2*u - 18. What is the units digit of 8/6 - (-4)/u?
2
Let h = 0 + 1. What is the units digit of (0 + h)*(3 - -1)?
4
Suppose -2*a - 72 = -3*a. What is the units digit of (1/(-3))/((-6)/a)?
4
Suppose p + 58 = 3*f, -12*f - p + 82 = -8*f. What is the tens digit of f?
2
Suppose -2*g + 5*x + 44 = 0, 0*g + 3*g + 2*x - 47 = 0. What is the units digit of g?
7
Suppose 2*i = i. What is the tens digit of 15 + (i - 2) - 3?
1
What is the tens digit of (-103)/(-2)*11/(33/6)?
0
Let w(n) = 9*n - 41. What is the tens digit of w(6)?
1
Let z be (-3 + 18)/3 + -2. Suppose 5*v - z - 7 = 0. What is the units digit of v?
2
Let f(j) = -j**2 + 4*j + 5. Let t = -4 - -8. Let p be f(t). Suppose -4*a + 26 - p = -g, 4*g = -2*a + 6. What is the units digit of a?
5
Suppose -5*z + 49 = -391. Let a = -40 + z. Suppose a - 8 = 5*y. What is the units digit of y?
8
Let s be 2/8*-2*12. What is the units digit of 5/(-15) - 20/s?
3
What is the units digit of (1 - -40)*1 - -3?
4
Let n be ((-3)/9)/(2/(-18)). Suppose -3*c + 3*x + 30 = c, 14 = n*c + 2*x. What is the units digit of (c/(-3) + 3)/1?
1
Let f = 2 - 7. Let o be (-22)/f + (-2)/5. Let k = o - -1. What is the units digit of k?
5
Let l(p) = 7*p**3 - 15*p**2 - 10*p + 5. Let y(c) = -3*c**3 + 7*c**2 + 5*c - 3. Let x(n) = -2*l(n) - 5*y(n). What is the tens digit of x(6)?
1
Let j(z) be the second derivative of 7*z**4/6 - z**3/6 - z**2/2 - z. Let l = -80 - -79. What is the units digit of j(l)?
4
Suppose 3*t - 14 + 5 = 0. What is the units digit of t?
3
Suppose -4*z + 28 = n - 29, 4*z = -3*n + 147. What is the units digit of n?
5
Let b(o) = 4*o**3 - o**2. Let k be b(-2). Let s = k - -64. Suppose r = -r + s. What is the tens digit of r?
1
Let p(q) = -14*q**3 + q + 1. Let r be p(-1). What is the units digit of 4/(-2)*(-49)/r?
7
What is the tens digit of 44*((-39)/(-42) - 6/14)?
2
Suppose 0 = 5*j, 66 = 2*z + 3*j - 78. What is the tens digit of z?
7
Let v(n) = -n**3 - 7*n**2 - 7*n + 7. Let d be v(-6). Suppose 0 = 5*s + 4*q - 8*q - 10, 3*s - d = q. Suppose -s - 3 = -i. What is the units digit of i?
9
Suppose -23 = n + 5*w, 5*n + 5*w + 4 = -11. Suppose n*z + 10*u - 5*u - 60 = 0, 0 = -4*z + 5*u + 180. What is the units digit of z?
0
Let u = 1 - -3. Let f(t) = -t**3 + 2*t**2 + 5*t - 3. Let x be f(u). What is the units digit of 50/x*6/(-5)?
4
Let n(z) = 9*z + 44. What is the tens digit of n(6)?
9
Let r(l) = -23*l - 12. What is the units digit of r(-5)?
3
Let y be (-2 + 0)/((-2)/8). Suppose 3*r + y = -r. What is the units digit of r/(-5) + 76/10?
8
Let d(g) = g**3 + 28*g**2 + 20*g - 60. What is the units digit of d(-27)?
9
What is the tens digit of (2 - 104/3)/((-4)/18)?
4
Suppose -75 + 24 = -3*h. Suppose -5*r + 2*v - 5*v = h, 0 = 4*r - v. Let k = 7 + r. What is the units digit of k?
6
Let d = -7 + 1. Let k = -4 - d. What is the units digit of (k*-1 - -3)/1?
1
What is the tens digit of (-340)/(-4)*2 + 1?
7
Let u(o) = o**3 - o**2 - o + 4. Let m be u(0). Suppose -4*a + 16 - m = 0. What is the units digit of a?
3
Suppose -l = 4*l. Suppose 0 = 2*a - 5*x - 22, 5*x + 18 = -l*a - 2*a. Suppose -4*w - i + 11 = a, -4*i = -2*w + 14. What is the units digit of w?
3
Suppose -4*y + 216 = 4*h, -h + 0*h - 2*y + 49 = 0. What is the tens digit of h?
5
Suppose 0 = -5*p - 0*p + 30. Let d = 4 + p. What is the units digit of d?
0
Let n be (-1)/(-1 - (1 + -1)). Let x = n + 1. What is the units digit of x?
2
Let c(b) = -3*b + 19. Let m(y) = -y + 6. Let f(x) = -6*c(x) + 21*m(x). What is the units digit of f(-5)?
7
What is the units digit of 32/(-272) - (-5376)/34?
8
Let g(f) = -f + 1. Let n be g(6). Let o(w) = -w**3 - 6*w**2 - 8*w - 5. What is the tens digit of o(n)?
1
Suppose -5 = -a - 3*l, 24 = -a + 3*a - l. What is the tens digit of a?
1
Suppose -g = -2*g + 2. Let n be g/(-8) + (-90)/24. What is the tens digit of (-1 - n)*20/6?
1
Let f be 11/3 - 2/(-6). Suppose f*v - 55 - 77 = 0. What is the tens digit of v?
3
Suppose m + 2*m - 18 = 0. Let u = -7 + 9. Suppose -m = -d - u. What is the units digit of d?
4
What is the units digit of 48*(-3 - (-55)/15)?
2
Let o be (-1463)/(-35) - 8/10. Suppose -4*p + 153 - o = 0. What is the tens digit of p?
2
Let p(d) be the third derivative of d**6/120 - d**5/60 - d**4/12 - d**3/2 + d**2. What is the units digit of p(3)?
9
Let n = 15 + -10. Suppose -n*l + 4*p + 123 = 0, 2*l + 4*p - 106 + 40 = 0. What is the tens digit of l?
2
What is the hundreds digit of ((-225)/(-36))/(23/(-24) + 1)?
1
Suppose -d + 0*d = -2*z + 9, -2*z = -10. What is the units digit of d?
1
Suppose 5*k + 2*x + 93 = 0, -9 + 68 = -3*k + 2*x. Let a = k - -48. What is the units digit of a?
9
Let q = -88 + 58. Let h = q - -57. What is the tens digit of h?
2
Suppose -4*a = -39 - 21. What is the units digit of a?
5
Let b(d) = 31*d + 30. What is the tens digit of b(5)?
8
Suppose -374 = -5*u - 3*g, 2*u + g - 132 = 18. What is the units digit of u?
6
Let o(c) = c + 6. Let r be o(-3). Suppose 0 = 3*x + 3, r*x = -v + 5*x + 4. What is the units digit of v?
2
Let j = 110 + -50. Suppose -7*y + 11*y = j. What is the units digit of y?
5
Suppose 4*d = 16, -9 = -3*j + 2*d + 7. Suppose -3*q - 155 = -j*q. What is the tens digit of q?
3
Suppose -1 = -2*y - 3. Let u(c) = 6*c**3 - c**2 + c. Let v be u(1). Let b = y + v. What is the units digit of b?
5
Let s = -56 + 80. Let r = s + -4. What is the tens digit of r?
2
Suppose -b + 7*b = 12. Suppose -3*t + b*c + 13 = -9, -5*c = 10. What is the units digit of t?
6
Let h(u) = -4*u**3 - 4 + 5*u**3 - 1. Let o be h(0). Let w(v) = v + 7. What is the units digit of w(o)?
2
Let c = 26 - 54. Let a = -10 - c. What is the tens digit of a?
1
Let i(b) = -b**3 + 14*b**2 + 14*b + 11. Let s be i(15). Suppose -5*z - 57 = 3*c, 4*c = -3*z - 21 - 22. What is the units digit of (s - -2) + z/(-3)?
1
Suppose 5*u + 4*u - 855 = 0. What is the units digit of u?
5
Let u be 3 + (-3)/3 + 4. Let y = 25 - u. What is the tens digit of y?
1
Suppose -4*p + v - 2*v = -1, 0 = 2*p + 3*v + 7. Let q = p + 1. Let w = q + 0. What is the units digit of w?
2
Let g = 3 - -7. What is the tens digit of g?
1
Let f(n) = -n**3 - n + 73. Let k be f(0). Let w be k/3 - (-6)/9. Let p = w - 15. What is the units digit of p?
0
Let i(q) = 6*q**3 - q + 1. Let f be i(1). Suppose -4*a = 4*l - 2*a + 10, -3*l - 2*a = f. Let h = l - -13. What is the units digit of h?
9
Suppose -4*v + 196 = -0*v. What is the tens digit of v?
4
Let s(j) = 18*j**2 - 21*j - 4. What is the units digit of s(5)?
1
Let i(v) = -v**3 - 2*v**2 - 4. Let u be (-6*3)/(-8 - -6). Suppose f + u = -2*f. What is the units digit of i(f)?
5
Let y = -1 - -28. Suppose -2*i + 2*s = 2*i + 14, -2*i = -5*s + y. What is the units digit of i/(-1) - (-5 + -1)?
7
Let q(k) = 2*k - 2. Let o be q(3). Suppose 8 = -5*b + 23. Suppose -b*i + o*i = 7. What is the units digit of i?
7
Let x(s) be the first derivative of s**5/60 + 7*s**3/6 - s**2/2 - 2. Let a(g) be the second derivative of x(g). What is the units digit of a(0)?
7
Let t be -3 + 0 + 2 - 2. What is the units digit of t/4 - (-138)/24?
5
Suppose 0 = -2*f + 4*f + 86. Suppose -98 = 3*c - 3*v + 7*v, -148 = 5*c - v. Let k = c - f. What is the units digit of k?
3
Let m be (1*-1)/(6/(-36)). Let p(s) = s + 7. Let c be p(-6). Let y = m - c. What is the units digit of y?
5
Let r(w) = 11*w - 27. Let z(f) = -5*f + 14. Let y(j) = -2*r(j) - 5*z(j). What is the units digit of y(7)?
5
Let c(m) = m**2 - m - 1. Let x(a) = a**3 - 2*a**2 - a + 9. Let b(k) = -6*c(k) - x(k). What is the tens digit of b(-6)?
2
Suppose 3*w - 4*t = -0*w + 33, -2*w = 3*t - 22. Let v = w - 1. What is the units digit of v?
0
Suppose w = -u + 19, -4*w + 61 = 2*u - 3*u. Suppose i = w + 2. What is the units digit of i?
8
Let b(x) = -2*x - 6. Let u(f) = 4*f + 13. Let j(z) = 9*b(z) + 4*u(z). What is the tens digit of j(-6)?
1
Let p = 29 - 18. Let m = 7 + -5. Suppose -4 = -4*c + m*f, p = c - f + 3*f. What is the units digit of c?
3
Let l(s) be the third derivative of s**5/30 + s**4/8 - s**3/6 + s**2. Let c be -4*(-3)/2*(-1)/2.